). Calculate the highest common factor of 11 and o.
11
Suppose -12*a - 12 = -11*a. Let i(q) = -q**2 - 16*q - 8. Let o be i(a). Calculate the highest common factor of o and 16.
8
Suppose 0 = -9*j + 11*j - 76. Calculate the greatest common factor of j and 57.
19
Let p be (4/2)/(-2) + -49. Let k = -36 - p. Calculate the greatest common divisor of k and 98.
14
Let v be 2/11 + 84/22. Suppose -39 = -3*s + 5*r, 0*r = 2*s - v*r - 24. Calculate the highest common divisor of s and 27.
9
Let q = -26 + 36. Let m(c) = -26*c + 2. Let y be m(-3). Calculate the highest common factor of y and q.
10
Suppose -9 = 5*h - 109. What is the greatest common divisor of h and 5?
5
Let j be -3 - ((-2 - -8) + -3). Let f be (-5)/15 - 92/j. Calculate the highest common divisor of 3 and f.
3
Suppose 0 + 18 = 2*v. What is the greatest common factor of 9 and v?
9
Let i be (-2)/((-12)/45)*6. What is the greatest common factor of 18 and i?
9
Suppose 2*l + 5*q - 50 = 0, 2*l = -4*q + 75 - 21. What is the greatest common divisor of l and 10?
5
Let f be 4/14 + (-10676)/(-119). Calculate the highest common divisor of 10 and f.
10
Let b(c) = 2*c**2 - c - 1. Let x be b(-1). Suppose -x*u - 4 + 14 = 0. Suppose n + w - 30 = 22, -u*n + 268 = 3*w. What is the greatest common divisor of 7 and n?
7
Let x(s) = s + 17. Let k be x(-8). Suppose k + 60 = d. What is the greatest common factor of d and 23?
23
Suppose 2*t - 3*v - 18 = 0, -2*v + 6*v + 16 = 0. Let m be -3 - (t - 8) - -160. What is the highest common divisor of 18 and m?
18
Let c = 120 - 75. Suppose 3*q = 2*a - 99, 2*q + 20 - 59 = -a. Suppose -5*f + c = -a. What is the highest common factor of 162 and f?
18
Let m = -28 + 33. What is the highest common factor of m and 40?
5
Suppose -7*n + 2*n + x = -120, 0 = -x. Calculate the greatest common factor of n and 84.
12
Let n be 21/(-49) - (-198)/21. Suppose -3*t = -t - 10. Let b(o) = 5*o + 2. Let g be b(t). What is the highest common factor of n and g?
9
Suppose 3*k - 2 = 2*k. Suppose -3*i + 5*p - 12 = -k*i, 3*p - 44 = -4*i. Let g = i - -19. Calculate the highest common factor of 18 and g.
9
Suppose -n = -5*n + 3*t + 257, 0 = -3*n - 4*t + 199. What is the highest common factor of n and 5?
5
Let u = -131 + 154. Suppose 245 = 5*q - 5*w, 3*w = 5*q + 26 - 265. What is the greatest common divisor of q and u?
23
Let g be (-29)/(-4) - 2/8. Let y(f) be the first derivative of f**3/3 - 2*f**2 + 3*f - 2. Let d be y(g). What is the highest common factor of d and 36?
12
Let i(l) = -2*l + 2 - 2 - 1. Let y be i(-1). Let d(n) = n**2 - n - 3. Let j be d(3). What is the greatest common factor of j and y?
1
Let o = 23 - 22. What is the greatest common factor of o and 11?
1
Suppose 0 = 2*q - 4*v - 0*v + 14, 5*q - 10 = v. Suppose -3*x + 28 = -q*l - 2, 3*l = 2*x - 17. Let w = 52 + 13. What is the highest common factor of x and w?
13
Suppose -p = -3*r - 3, -3*r = -2*p - p + 3. Suppose -z - 1 + 3 = p. Let d(o) = 4*o**2 + 1. Let x be d(z). What is the greatest common divisor of 68 and x?
17
Let g(w) = -w**2 + 17*w + 2. Let b be g(13). What is the highest common factor of b and 6?
6
Let h(o) = o + 3. Let f be h(-3). Let w be 10 + (-1 - f - -2). Let c be 2*(-1 + (-26)/(-4)). What is the greatest common divisor of c and w?
11
Let l = -12 + 16. What is the greatest common divisor of l and 36?
4
Let b(p) = -p**3 + 2*p**2 + 3. Let q be b(-3). Suppose 0 = -o - 4*l + 22, 2*o + 3*l - l = 20. What is the greatest common divisor of q and o?
6
Let d be (-9 - -6) + (-15)/(-1). Let k = d - 9. Let z be 2/(k*1/363). Calculate the greatest common factor of z and 22.
22
Suppose -4*s + 5*s = 9. Calculate the highest common divisor of 72 and s.
9
Suppose -2*c + 20 = -c. What is the greatest common divisor of 10 and c?
10
Let a be -1 + 1 + -1 + -5. Let h(u) = -u**2 + 9*u - 6. Let x be h(6). Let v be (x/(-10))/(a/20). What is the greatest common divisor of v and 6?
2
Let i be 14/(-4)*12/(-21). Calculate the greatest common divisor of 22 and i.
2
Let a be 30/4*(1 + 21). Calculate the greatest common factor of 11 and a.
11
Let r = -76 - 26. Let p = r + 172. What is the greatest common factor of 28 and p?
14
Let n(h) = h**3 - 6*h**2 + 7*h + 2. Let s(c) = 4*c**3 + c**2 + c - 1. Let g be s(1). Let b be n(g). Calculate the greatest common divisor of 60 and b.
12
Suppose -5*j + 0*j + 815 = 0. Suppose j + 77 = 4*i. Calculate the highest common factor of i and 24.
12
Suppose 3*a + 3*o = 117, -2*a + 4*a = 4*o + 102. Let n = 25 - a. Let z = 33 + n. What is the highest common divisor of 120 and z?
15
Suppose 3*p - 4*n = -p + 1300, 5*p - 1625 = 4*n. Suppose x = 5*t - p + 88, 3*t - 3*x = 135. Calculate the highest common divisor of 6 and t.
6
Let h be (-2)/(-4)*4*12. Let x = -3 + h. What is the greatest common divisor of 3 and x?
3
Let u = -32 + 56. Suppose -3*h = -5*h + 4*g + 8, 0 = h - 5*g - 13. Let k be (-23)/h - 2/(-4). What is the highest common divisor of k and u?
12
Let b(v) = -10*v + 112. Let k be b(9). What is the highest common divisor of k and 33?
11
Suppose -b = 5*q - 105, 3*b - 185 = b - 5*q. Let k(g) = -2*g**2 + 17*g - 5. Let c be k(7). What is the highest common factor of b and c?
16
Suppose 9*n - 4*k - 990 = 4*n, 792 = 4*n - 2*k. Let p = -3 + 9. Suppose p*o - 3*o = n. What is the highest common divisor of o and 6?
6
Let q(y) = 11*y**2 + 3 + 3*y - 9*y**2 + 10*y**2. Let k be q(-2). Let l be (-17)/(-1) - (-2 - -1). Calculate the highest common factor of k and l.
9
Let l = 38 - 28. What is the highest common factor of l and 20?
10
Let r be 4/(-5)*595/(-7). Suppose 2 + r = 2*d. Calculate the greatest common factor of 5 and d.
5
Let w(v) = v**3 + 12*v**2 + 12*v + 13. Let l be w(-11). Calculate the greatest common divisor of l and 5.
1
Let s = 24 - -28. Let r be 24/13 + 8/s. What is the highest common factor of 5 and r?
1
Let o be (-46)/(-14) + 2/(-7). Suppose 16 = u + o*u. Suppose -2*p - 24 = -u*p. Calculate the greatest common factor of 18 and p.
6
Suppose 2 = 4*i - 10, 0 = -4*b - 3*i + 25. Calculate the highest common divisor of b and 4.
4
Suppose -5*w = -2*b - b - 190, 5*w = -2*b + 215. Suppose -w = 4*g - 209. Let s = g + -21. Calculate the highest common divisor of 14 and s.
7
Suppose 4*w = -2*w - 78. Let l = 68 - w. Calculate the highest common divisor of l and 54.
27
Suppose q + 0*q = -4*u + 72, 0 = 3*u - q - 54. Suppose 2*c - n + 17 = 2*n, 34 = -5*c - n. Let y be 2/c + 634/14. What is the highest common factor of u and y?
9
Let a(r) = 11*r + 2*r + 0*r + 5 + r**2 - 7*r. Let t be a(-12). Calculate the greatest common divisor of 7 and t.
7
Let g be (1 - -20)/(2 - 1). What is the greatest common divisor of 168 and g?
21
Suppose 2*c - t - 91 = -0*c, 0 = c + 2*t - 38. Let v = 29 + -18. Calculate the highest common divisor of c and v.
11
Suppose 3*m - m - 120 = 0. Let u(t) = t**3 + 8*t**2 - 12*t - 7. Let h = 22 - 31. Let o be u(h). Calculate the greatest common divisor of o and m.
20
Let v(x) = -x**2 + 6*x + 7. Let b be v(7). Suppose -132 = -b*n - 3*n. Calculate the greatest common factor of 11 and n.
11
Let m = 79 + -50. Calculate the highest common factor of m and 58.
29
Let s = -11 + 19. Let v be (14/(-35))/((-2)/(-20)). Let r be (-17)/v - 6/24. Calculate the highest common divisor of r and s.
4
Let l(d) = 13*d + 4. Let h be l(7). Let i(s) = 18*s + 2. Let o be i(2). Calculate the greatest common divisor of o and h.
19
Suppose 1750 = 4*b + b. Suppose 0 = 5*i - f - 362, -3*i + 5*f = -8*i + b. Let s be (-2)/7 + (-258)/(-21). What is the highest common factor of i and s?
12
Suppose -3*o + 280 = o + 5*h, -h - 304 = -4*o. Suppose -66 - 84 = -5*m. What is the highest common factor of o and m?
15
Suppose -42 = -6*k - 12. What is the greatest common divisor of k and 10?
5
Suppose -k + 36 = 4*j, -3*j = 3*k - 6 - 57. Let a = 26 - k. What is the highest common divisor of a and 80?
10
Suppose -2*i - 4*y - 12 = 0, -i + 2*y = -0*y - 6. Suppose i = -4*v + 229 + 311. Calculate the greatest common factor of v and 15.
15
Let y = -27 - -35. Let u = 96 - 56. Calculate the greatest common factor of y and u.
8
Let c(u) = -u**3 + 12*u**2 - 10*u - 10. Let p = -17 + 28. Let b be c(p). Calculate the highest common divisor of b and 5.
1
Let f(y) = 2*y - 5. Let g be f(4). Let q = -8 + 11. Calculate the greatest common factor of g and q.
3
Suppose 0*q + 3*q - 624